{"id":312,"date":"2012-03-28T21:47:44","date_gmt":"2012-03-28T20:47:44","guid":{"rendered":"http:\/\/pcserviceathome.org\/?page_id=312"},"modified":"2012-03-28T21:51:56","modified_gmt":"2012-03-28T20:51:56","slug":"a-propos-du-support-de-stockage-ssd","status":"publish","type":"page","link":"https:\/\/pcserviceathome.org\/?page_id=312","title":{"rendered":"A propos du support de stockage SSD"},"content":{"rendered":"<p>Le SSD (Solid State Drive) est en fait un disque dur d&#8217;un nouveau type puisqu&#8217;il est simplement bas\u00e9 sur des circuits \u00e9lectroniques alors que les disques durs actuels stockent l&#8217;information sur des disques en rotation. Les avantages du SSD sont<\/p>\n<ul>\n<li>un temps d&#8217;acc\u00e8s plus rapide<\/li>\n<li>un transfert de donn\u00e9es plus important<\/li>\n<li>une consommation \u00e9lectrique moindre<\/li>\n<li>plus grande r\u00e9sistance aux chocs<\/li>\n<\/ul>\n<p>Par contre le SSD reste jusqu&#8217;\u00e0 pr\u00e9sent un technologie ch\u00e8re et la capacit\u00e9 de stockage limit\u00e9e \u00e0 128 GO ou 256 GO.\u00a0Raison pour laquelle les disques durs occupent encore le march\u00e9 car le co\u00fbt par Giga Octets est de loin inf\u00e9rieur.<\/p>\n<h1>Une bonne nouvelle !<\/h1>\n<p>Intel vient d&#8217;annoncer la sortie au premier trimestre 2013 d&#8217;un SSD (nom de code Wolfsville), dot\u00e9 d&#8217;un espace de stockage allant jusqu&#8217;\u00e0 1,6 To. Le disque dur sera au format SSD 2,5 pouces.<\/p>\n<div id=\"intelliTXT\">\n<div><img loading=\"lazy\" decoding=\"async\" class=\"alignright\" style=\"-webkit-user-select: none;\" src=\"http:\/\/img2.generation-nt.com\/intel-520-series-2_01D6016101216491.jpg\" alt=\"\" width=\"282\" height=\"212\" \/><\/div>\n<p>Ce disque dur sera connect\u00e9 via une interface de type SATA 3.<\/p>\n<p>Le fait le plus int\u00e9ressant r\u00e9side dans la capacit\u00e9 de stockage, puisque celle-ci pourra atteindre\u00a01,6 To (plus de 1600 GO). Quand on sait que la plupart des mod\u00e8les sont limit\u00e9s \u00e0 256 GO, on mesure l&#8217;\u00e9volution rapide de cette la technologie. Le prix devrait se situer \u00e0 environ 1000 $. Il en r\u00e9sulte une baisse significative du prix par GO et donc une excellente nouvelle pour le consommateur au cours des prochains mois.<\/p>\n<\/div>\n","protected":false},"excerpt":{"rendered":"<p>Le SSD (Solid State Drive) est en fait un disque dur d&#8217;un nouveau type puisqu&#8217;il est simplement bas\u00e9 sur des circuits \u00e9lectroniques alors que les disques durs actuels stockent l&#8217;information sur des disques en rotation. Les avantages du SSD sont &hellip; <a href=\"https:\/\/pcserviceathome.org\/?page_id=312\">Continue reading <span class=\"meta-nav\">&rarr;<\/span><\/a><\/p>\n","protected":false},"author":1,"featured_media":0,"parent":41,"menu_order":0,"comment_status":"closed","ping_status":"closed","template":"","meta":{"footnotes":""},"_links":{"self":[{"href":"https:\/\/pcserviceathome.org\/index.php?rest_route=\/wp\/v2\/pages\/312"}],"collection":[{"href":"https:\/\/pcserviceathome.org\/index.php?rest_route=\/wp\/v2\/pages"}],"about":[{"href":"https:\/\/pcserviceathome.org\/index.php?rest_route=\/wp\/v2\/types\/page"}],"author":[{"embeddable":true,"href":"https:\/\/pcserviceathome.org\/index.php?rest_route=\/wp\/v2\/users\/1"}],"replies":[{"embeddable":true,"href":"https:\/\/pcserviceathome.org\/index.php?rest_route=%2Fwp%2Fv2%2Fcomments&post=312"}],"version-history":[{"count":2,"href":"https:\/\/pcserviceathome.org\/index.php?rest_route=\/wp\/v2\/pages\/312\/revisions"}],"predecessor-version":[{"id":317,"href":"https:\/\/pcserviceathome.org\/index.php?rest_route=\/wp\/v2\/pages\/312\/revisions\/317"}],"up":[{"embeddable":true,"href":"https:\/\/pcserviceathome.org\/index.php?rest_route=\/wp\/v2\/pages\/41"}],"wp:attachment":[{"href":"https:\/\/pcserviceathome.org\/index.php?rest_route=%2Fwp%2Fv2%2Fmedia&parent=312"}],"curies":[{"name":"wp","href":"https:\/\/api.w.org\/{rel}","templated":true}]}}